) = -r**2 - 6*r + 20. What is y(-9)?
-7
Let a(r) = -r**3 + 5*r**2 + 14*r + 10. Give a(7).
10
Let l(q) = q - 5. Determine l(3).
-2
Let d(u) = -u**2 + 17*u - 25. What is d(16)?
-9
Let k(t) = -t**3 - 6*t**2 + 13*t + 32. Give k(-7).
-10
Let w(h) = -h - 2. Give w(4).
-6
Let u(p) = -2*p - 26. Calculate u(-7).
-12
Let i(x) = 9*x + 35. Calculate i(-3).
8
Let k(f) = -f**2 - f - 33. What is k(0)?
-33
Let z(l) = l**2 + 12*l + 14. Calculate z(-11).
3
Let q(p) = 21*p - 1010. Determine q(48).
-2
Let t(l) = -l - 4. Calculate t(2).
-6
Let h(k) = -6*k + 1. What is h(1)?
-5
Let f(q) = -q**2 - 7*q + 118. Determine f(8).
-2
Let c(z) = -2*z**2 + 36*z - 56. Give c(16).
8
Let n(y) = 9*y - 98. What is n(13)?
19
Let z(m) = 2*m - 5. What is z(-5)?
-15
Let q(b) = b - 4. Give q(-2).
-6
Let c(q) = -q**2 - 34*q + 204. Determine c(-39).
9
Let i(d) = -d**3 - d**2 + 2*d - 1. What is i(2)?
-9
Let w(b) = -5*b - 8. What is w(-3)?
7
Let a(f) = -f**2 + 5*f + 7. What is a(6)?
1
Let n(k) = -k**3 + 9*k**2 - 16*k + 17. What is n(7)?
3
Let s(n) = -7*n - 1. Give s(-4).
27
Let a(j) = -j**2 - 7*j + 43. What is a(-11)?
-1
Let t(v) = v + 9. Calculate t(-9).
0
Let u(d) = d**2 + 9*d - 19. Determine u(-13).
33
Let t(y) = 2*y**2 + 7*y - 24. Calculate t(7).
123
Let k(z) = -5*z + 77. What is k(13)?
12
Let k(i) = -3*i**2 - 3*i + 20. Calculate k(0).
20
Let l(f) = -3*f**2 - 5*f. Calculate l(2).
-22
Let s(a) = -a**2 - 16*a - 54. What is s(-5)?
1
Let o(m) = -91*m**2 + 3*m + 1. Determine o(1).
-87
Let v(u) = 5*u + 47. Give v(-9).
2
Let s(g) = -3*g - 70. Give s(-13).
-31
Let y(h) = -54*h + 358. Determine y(6).
34
Let b(i) = 2*i + 19. What is b(-15)?
-11
Let b(q) = 19*q - 28. Calculate b(1).
-9
Let m(i) = 2*i - 3. Calculate m(-5).
-13
Let q(z) = -z**2 - 2*z + 1. Calculate q(-4).
-7
Let w(m) = -m - 1. Give w(-13).
12
Let x(c) = -2*c - 2. Give x(-1).
0
Let t(o) = o**3 - 4*o**2 + o + 5. Give t(4).
9
Let b(y) = 7*y. What is b(-4)?
-28
Let r(h) = -2*h**2 + h + 4. Determine r(3).
-11
Let o(t) = 3*t - 4. Calculate o(-1).
-7
Let s(m) = 10*m - 2. Calculate s(1).
8
Let l(p) = 10*p - 339. Give l(34).
1
Let b(c) = -c**3 - 3*c**2 + c - 2. Calculate b(-4).
10
Let w(q) = -q**3 - 2*q**2 + q - 2. Give w(-3).
4
Let f(y) = y**2 + y - 13. What is f(0)?
-13
Let c(i) = -i**3 + 8*i**2 - 9*i. What is c(6)?
18
Let u(w) = -48*w - 1. Give u(-1).
47
Let a(k) = -k**2 + k - 1. What is a(-5)?
-31
Let s(k) = -k**3 - 25*k**2 - 45*k + 12. Give s(-23).
-11
Let k(g) = 2*g**3 - 24*g**2 + 2*g - 29. Give k(12).
-5
Let w(b) = b**2 - 2*b - 13. Give w(12).
107
Let l(a) = -a**2 + 4*a + 3. Calculate l(5).
-2
Let t(x) = -2*x**3 - 41*x**2 - 20*x - 3. Determine t(-20).
-3
Let d(s) = -s**3 + 7*s**2 + 8*s + 10. Determine d(8).
10
Let m(t) = t**2 - 7*t + 10. Calculate m(8).
18
Let x(o) = 2*o**3 - 43*o**2 + 26*o - 107. What is x(21)?
-2
Let i(m) = 2*m**3 - 3*m**2 - 12*m - 2. Calculate i(-2).
-6
Let y(j) = -6*j**2 + 1. What is y(-1)?
-5
Let b(f) = 7*f - 3. Determine b(-4).
-31
Let y(c) = -c**2 - 10*c - 6. Determine y(-9).
3
Let r(k) = -k**3 + 20*k**2 + 23*k - 51. What is r(21)?
-9
Let j(m) = -7*m - 101. Give j(-15).
4
Let u(k) = k**2 - 19*k - 14. Calculate u(20).
6
Let s(y) = 10*y + 161. Calculate s(-10).
61
Let n(x) = -x + 9. Calculate n(0).
9
Let y(u) = 7*u + 48. Give y(-6).
6
Let m(o) = 2*o**2 + 8*o + 3. Calculate m(-3).
-3
Let b(l) = -4*l**2 + 31*l - 45. Determine b(5).
10
Let j(r) = 39*r + 73. Determine j(-2).
-5
Let w(t) = -4*t + 79. What is w(17)?
11
Let r(l) = 3*l**3 - 5*l**2 - 5*l + 10. What is r(2)?
4
Let g(p) = p**3 - 9*p**2 - 23*p + 23. Calculate g(11).
12
Let a(z) = 2*z**2 + 16*z + 5. Calculate a(-8).
5
Let d(b) = -2*b + 24. Determine d(7).
10
Let m(g) = -g**3 + 6*g**2 + 8*g + 4. Give m(7).
11
Let h(t) = 2*t**2 - 7*t - 3. Determine h(4).
1
Let y(m) = 7*m**2 + 62*m + 14. Give y(-11).
179
Let v(a) = -a**3 - 14*a**2 + 3*a - 36. Give v(-14).
-78
Let b(y) = -23*y - 219. What is b(-9)?
-12
Let v(a) = 10*a + 53. Calculate v(-5).
3
Let o(m) = -m**3 + 5*m**2 + 13*m - 55. What is o(5)?
10
Let f(j) = -j**3 + 19*j**2 - 6*j - 27. Give f(19).
-141
Let d(y) = -3*y**3 - 3*y**2 - y - 1. Determine d(-2).
13
Let x(q) = -2*q**2 - 1. What is x(4)?
-33
Let p(n) = n**3 - 10*n**2 + 8*n + 11. Calculate p(9).
2
Let a(t) = -4*t**3 - 2*t**2 + 2*t - 1. What is a(1)?
-5
Let b(f) = 13*f - 428. What is b(34)?
14
Let p(r) = -r**3 + 4*r**2 + 2*r - 10. Calculate p(5).
-25
Let r(l) = l - 2. What is r(-11)?
-13
Let p(x) = -8*x + 100. Determine p(18).
-44
Let f(u) = u**3 + 5*u**2 + 7*u + 3. Determine f(-5).
-32
Let g(l) = -l**3 + 17*l**2 - l + 19. Determine g(17).
2
Let v(x) = x + 16. What is v(-22)?
-6
Let x(b) = -2*b**2 - 8*b + 159. Give x(8).
-33
Let b(i) = i - 16. What is b(-11)?
-27
Let w(t) = t**3 - 2*t**2 + 4*t - 5. What is w(2)?
3
Let r(g) = -g - 5. What is r(5)?
-10
Let v(n) = 2*n**2 - 3*n - 6. Calculate v(7).
71
Let v(j) = j**3 + 4*j**2 - 24*j - 66. Determine v(-6).
6
Let f(i) = i**3 - 6*i**2 + 3*i - 6. What is f(6)?
12
Let h(o) = 8*o - 1. Give h(2).
15
Let k(f) = 12*f - 302. Calculate k(25).
-2
Let x(d) = 4*d**3 - d - 2. Give x(-1).
-5
Let c(b) = -b**3 - 6*b**2 + b. Calculate c(-6).
-6
Let m(s) = -s**3 - 10*s**2 + 2*s - 2. Give m(-10).
-22
Let s(x) = 3*x - 46. Calculate s(14).
-4
Let y(j) = -3*j**3 + 37*j**2 - 16*j + 56. Give y(12).
8
Let x(y) = -5*y**2 + 5. Calculate x(4).
-75
Let p(v) = -31*v**2 - 2*v - 2. Give p(-1).
-31
Let f(v) = v**3 - v**2 + 3*v - 2. Determine f(3).
25
Let n(l) = -3*l + 15. Calculate n(12).
-21
Let i(p) = -21*p + 130. Give i(6).
4
Let s(y) = -2*y**3 + 2*y**2 + 4*y + 2. Calculate s(-2).
18
Let g(n) = n + 36. What is g(-10)?
26
Let d(b) = -5*b**3 + 2*b**2 + 7*b + 10. What is d(-2)?
44
Let i(n) = 7*n - 20. Calculate i(6).
22
Let x(q) = -q**3 + 6*q**2 + 12*q - 10. Give x(7).
25
Let l(y) = y**2 - 3*y - 15. Determine l(6).
3
Let q(g) = -g**3 - 6*g**2 + 3*g - 6. Give q(-6).
-24
Let q(i) = -i**3 - 74*i**2 + 232*i + 82. Give q(-77).
5
Let o(u) = -u**2 + 3*u + 14. Give o(5).
4
Let b(q) = -q**3 - 6*q**2 + 9*q + 17. What is b(-7)?
3
Let c(m) = m**3 - 9*m**2 + 6*m - 5. Calculate c(8).
-21
Let i(o) = -30*o + 8. Calculate i(3).
-82
Let m(s) = 10*s - 36. Determine m(5).
14
Let q(d) = -4*d**2 + d + 19. Calculate q(4).
-41
Let k(c) = -5*c - 2. What is k(0)?
-2
Let j(m) = m**3 + m**2 - 3*m + 5. What is j(-3)?
-4
Let l(v) = v**3 - 8*v**2 + 2*v - 5. What is l(7)?
-40
Let i(p) = p**2 + p + 9. Give i(0).
9
Let x(i) = i**2 - 45*i - 95. Give x(47).
-1
Let q(b) = -b + 23. What is q(15)?
8
Let v(p) = p**2 - 12*p - 19. Determine v(13).
-6
Let c(y) = -6*y**2 + y + 2. Determine c(-4).
-98
Let l(v) = -v**3 - v**2 - 2*v + 26. Determine l(0).
26
Let d(y) = y**2 - 22*y + 79. Give d(18).
7
Let j(v) = v + 3. Give j(-11).
-8
Let d(h) = h**3 - 6*h**2 - 6*h - 8. Determine d(7).
-1
Let s(w) = -8*w**2 + 127*w - 13. Calculate s(16).
-29
Let q(t) = t**2 - t + 10. Give q(0).
10
Let z(m) = -m - 20. What is z(11)?
-31
Let u(w) = -15*w**2 - 839*w + 52. Give u(-56).
-4
Let z(p) = -3*p**2 + 33*p - 40. Determine z(10).
-10
Let l(y) = -10*y + 52. Give l(6).
-8
Let a(y) = y**2 - y + 24. Give a(4).
36
Let u(f) = -f**3 + 7*f**2 + 60*f - 6. Determine u(12).
-6
Let l(v) = -2*v**2 - 3*v - 2. What is l(0)?
-2
Let x(m) = -m**2 + 7*m + 51. Determine x(-4).
7
Let y(x) = x**3 - 5*x**2 + 4*x - 1. Calculate y(4).
-1
Let w(q) = q**3 + 2*q**2 - 8*q + 4. What is w(-4)?
4
Let o(v) = v**2 + 7*v - 14. Give o(6).
64
Let g(q) = q**2 + 29*q - 3. Give g(-29).
-3
Let m(k) = -k**3 - 9*k**2 + k + 18. Calculate m(-9).
9
Let w(b) = -b**3 + 5*b**2 + 3*b - 7. What is w(5)?
8
Let c(a) = -5*a + 78. Determine c(15).
3
Let r(t) = -t**3 + 12*t**2 - 8*t + 7. What is r(11)?
40
Let l(y) = -y**3 + 6*y**2 + 6*y + 2. What is l(7)?
-5
Let w(n) = n + 25. Calculate w(7).
32
Let l(v) = 3*v - 11. Determine l(6).
7
Let u(v) = -2*v**2 - 2*v - 1. Calculate u(-2).
-5
Let y(d) = -6*d + 3. Give y(-6).
39
Let w(a) = -a**3 + 3*a**2 + 17*a + 12. Give w(6).
6
Let f(c) = c + 17. Calculate f(1).
18
Let l(h) = -h**3 + 4*h**2 - 2*h + 10. Calculate l(4).
2
Let v(y) = -3*y + 18. Give v(0).
18
Let o(w) = -w**3 - 9*w**2 - 19*w - 2. Give o(-6).
4
Let d(j) = j**3 + 4*j**2 - 4*j + 13. What is d(-6)?
-35
Let u(t) = 4*t + 35. Give u(7).
63
Let l(d) = 30*d + 48. Determine l(-2).
-12
Let i(b) = b - 5. What is i(5)?
0
Let p(r) = -4*r**2 + r - 1. Calculate p(-1)